 -j - 3*j - 3*d + 15. What are the prime factors of j?
3
Let a = -293 + 458. Suppose 5*n + 0*n = a. What are the prime factors of n?
3, 11
Let j = 59 - 14. Suppose -4*r - r = -j. What are the prime factors of r?
3
Let l = 3 + -2. What are the prime factors of 11 + (0/l)/1?
11
Suppose -5*n + 144 = 34. What are the prime factors of (77/n)/((-1)/(-10))?
5, 7
Suppose -4*s = -6*s - 6. List the prime factors of 13/3 + s/9.
2
Let z(q) = -9*q - 1. Let i be z(-1). Let c = i - 3. List the prime factors of c.
5
Suppose 3*s = -s + 20. Suppose -3*z + v + 2*v + 21 = 0, -37 = -4*z - s*v. What are the prime factors of z?
2
Let j(f) = 6*f**2 + 5*f + 8. What are the prime factors of j(-2)?
2, 11
Suppose 5*k - 60 = -0*k. Let w = -5 - 3. List the prime factors of 26/3 + w/k.
2
Suppose 0*y - y + 2*p = 27, 5*y + 135 = 2*p. Let q be 6*(-5)/(30/y). Suppose -3*a = -9, 2*a = -3*s + a + q. List the prime factors of s.
2
Suppose 2*k + 3*n = -3, 5*k - 4*n - 4 = -0. Suppose 2*x - 4*x = k. Suppose -r = -5*q + 47, x*q = -4*q + 4*r + 28. What are the prime factors of q?
2, 5
Let b(j) = 39*j + 10. List the prime factors of b(3).
127
Suppose -3*a + 2*a = -2. Let n = 4 + a. What are the prime factors of n?
2, 3
Suppose -19 = -2*g - 3. Let b = -4 + g. Suppose b*v + 0 = l + 8, -3*v = 2*l - 17. List the prime factors of l.
2
What are the prime factors of (12/5)/((-36)/(-840))?
2, 7
Suppose 0*g - n = 5*g - 2, -5*n = -4*g + 19. Let i be 10*(g + 7/(-5)). What are the prime factors of (-2)/i + (-21)/(-6)?
2
List the prime factors of (62 - 4) + 3 + -3.
2, 29
Suppose 0*y = -3*y + 45. Let k = y - 11. Suppose b = -q + 21, -k*q - 2*b = -4*b - 84. List the prime factors of q.
3, 7
Suppose -5*x + 0*x - 15 = 0. Let t(n) = -n**2 - 3*n. Let r be t(x). List the prime factors of 1 + r/3 - -7.
2
Suppose -2*p = -l + 10 - 35, l = -3*p + 50. Let m = p + -5. List the prime factors of m.
2, 5
Let h = -53 + 25. Let m = h - -55. What are the prime factors of m?
3
Let t = 16 - 30. Let l = 25 + t. List the prime factors of l.
11
What are the prime factors of 1805/13 + (-3)/(-39)*2?
139
Suppose -2*o + 22 + 14 = -4*h, -h = -2*o + 36. Let j = o - 7. List the prime factors of j.
11
Let k = 5 - 5. Suppose 2*l + k*l - 10 = -5*j, 5*j + 3*l = 5. Suppose -3*w = -j - 17. List the prime factors of w.
7
Let a = 25 + -1. Suppose 0*i + a = 2*i. List the prime factors of i.
2, 3
Suppose 6*a = 5*a + 35. What are the prime factors of a?
5, 7
Let g = 6 + -4. Suppose -5 - 4 = -g*s - 3*x, -3*x + 9 = -4*s. What are the prime factors of s*(-2)/(-4) + 4?
2
Suppose 2*a - 5 - 1 = 0. Let s(f) = -f**2 - 5*f + 2*f**2 - a*f + 9 + f. List the prime factors of s(7).
3
Let n = -6 - -11. List the prime factors of n.
5
Let v(h) = 3*h - 1. List the prime factors of v(6).
17
Let n(l) = -l**3 - 2*l**2 - 7*l + 7. List the prime factors of n(-5).
3, 13
Let m = -66 + 116. Suppose 4*k - m = 2*k. What are the prime factors of k?
5
Let w(n) = -n - 10. Let x be w(-5). Suppose -2*a - a + z = -4, 0 = 5*z - 25. What are the prime factors of x + -1 + a - -15?
2, 3
Let n be (1/(-3))/(1/(-9)). Suppose -3*l = -0*l - n. Let p(d) = 12*d**2 - d. What are the prime factors of p(l)?
11
Let f = 15 + -11. What are the prime factors of f/6*(-27)/(-2)?
3
Let x(h) = 194*h - 11. What are the prime factors of x(1)?
3, 61
Suppose -4*d = -45 + 5. Suppose -d = -j + 15. What are the prime factors of j?
5
Suppose -3*g + 213 = 123. List the prime factors of g.
2, 3, 5
Let u = -7 - -12. Let d be (2 + 0)/((-1)/(-2)). Suppose d - 39 = -u*a. What are the prime factors of a?
7
Suppose h + 3 = -6. Let k(y) = y**2 + 9*y + 7. Let l be k(h). List the prime factors of 8/(-28) + 135/l.
19
Suppose -6*a + 464 = -76. List the prime factors of a.
2, 3, 5
What are the prime factors of (14/(-2))/((-4)/16)?
2, 7
Let i be (-4)/6*(-3)/(-2). Let m be 1/(0 + 1) + -52. What are the prime factors of i/(1*3/m)?
17
Let q(z) = -z - 2. Let p(r) = -r**3 + 4*r**2 - 2*r + 3. Suppose 3*n + v + 3 = 12, -2*v - 14 = -2*n. Let x be p(n). What are the prime factors of q(x)?
3
What are the prime factors of (-350)/(-11) - 36/(-198)?
2
Let t(n) = -7*n + 7. Let o be t(5). Let b = 59 + o. What are the prime factors of b?
31
Suppose 0 = -2*x + 6*x + 56. Let v = -6 - x. What are the prime factors of v?
2
Suppose -10 = 5*p - 4*m, 0 = 5*p + 3*m - 14 - 11. Suppose -6*z + 2*z = -2*a - 50, -2*a - 46 = -p*z. List the prime factors of (a + -5)*2/(-4).
13
Let o = -70 - -293. List the prime factors of o.
223
Suppose 4*f - 2 + 3 = 5*j, -3*f = -3*j. Let k be j/(-4) - (-26)/8. Suppose -4*q + q = -k*u - 3, -3*u + 4*q = 6. What are the prime factors of u?
2
Suppose 0*a - 3 = 3*a. Let z = 5 + a. What are the prime factors of z?
2
Suppose 0 = -5*v + v + 12. Let y = v - -2. List the prime factors of y.
5
Suppose -60 = z - 4*z. Suppose u + z = 6*u. Suppose -3*f = -2*v - 64, 3*f + u*v - 29 = 5. List the prime factors of f.
2, 3
Suppose 9 = -v + 4*v. Suppose 2*w - 2*o = -0*w + 70, 4*o = 2*w - 76. Suppose -g - w = -v*g. What are the prime factors of g?
2
Suppose -2*v - 2*v + 8 = 0. List the prime factors of v.
2
Let v(h) = h**3 - 8*h**2 + 13*h - 4. Let d be v(6). What are the prime factors of 30/(-20) - (-97)/d?
47
Let s(q) = -q + 6. Let i be s(5). Suppose 5*n - 4*n = -2*h + i, -5*h - 4*n - 2 = 0. List the prime factors of h.
2
Let c(h) = -h**3 + 6*h**2 - 4*h - 1. Let n be c(6). Let a be -2 + -11 - 0/(-1). Let k = a - n. List the prime factors of k.
2, 3
Suppose 0 = -2*p + 6*p + 4. Suppose -2*d + 5*k - 2 = 16, 4*d = k. List the prime factors of d/(p - (-18)/16).
2
Let i be ((-8)/10)/((-2)/(-10)). Let g be i/(24/(-15))*2. Suppose g*b - 36 = b. List the prime factors of b.
3
Let r(m) = -m**2 - m. Let i(q) = -4*q**2 - 8*q + 2. Let d(b) = i(b) - 5*r(b). Let s be d(3). What are the prime factors of (3/s)/(2/8)?
2, 3
Suppose -2*c = -3*c. Suppose -n + 3 = -c*n. Let r = n + 4. List the prime factors of r.
7
Let q = 180 - 81. List the prime factors of q.
3, 11
Suppose j + 69 = 187. List the prime factors of j.
2, 59
Let v(s) = 9*s**2 - 1. Let b be v(-2). Suppose z - 6*z + b = 0. Let c(f) = f**3 - 7*f**2 + f + 5. What are the prime factors of c(z)?
2, 3
Suppose 6*u - 9 = 3. What are the prime factors of u?
2
Let s be 21 + -3 - 3/1. Let q = -10 + s. What are the prime factors of q?
5
Let u be 1/2 + (-3)/2. Let t = 2 - -6. What are the prime factors of 10/t*(-4)/u?
5
Suppose -15 = 3*u - 8*u. Suppose u*j - 53 = 2*c, 3*c + 59 = 4*j - 2*c. What are the prime factors of j?
3, 7
Let c(q) = -q - 2. Let z be c(-1). Let k = z - -5. Suppose -k*j + 80 = 5*m + j, -3*m + 43 = 2*j. What are the prime factors of m?
11
Let z = 2 - 2. Let i(b) be the second derivative of b**4/12 + 2*b**2 - 3*b. What are the prime factors of i(z)?
2
Let l(y) = y**2 - y. Let u(v) = 3*v**2 + 6*v - 13. Let p(o) = 4*l(o) - u(o). Let k be p(9). Let g = 12 - k. List the prime factors of g.
2
Suppose g + d - 23 = 5*d, 2*g - 2*d = 16. Suppose -g*n + 5 = -1. Suppose -n*c + 5 + 3 = 0. List the prime factors of c.
2
Let a = 14 - 1. List the prime factors of a.
13
Suppose 4*x - 4*c = -4, 5*c + 20 = c. Let h = 9 + x. What are the prime factors of h?
3
Let n = -382 + 644. What are the prime factors of n?
2, 131
Let j = 7 + -15. Let g = j + 3. Let a = g + 11. What are the prime factors of a?
2, 3
Let s = 0 - -4. Suppose 49 = s*m - x, -3*x + 84 = 5*m + 10. List the prime factors of m.
13
Suppose 4*i - 220 = 172. List the prime factors of i.
2, 7
Let s = 42 - 22. Let n = s - 14. What are the prime factors of n?
2, 3
Let l(x) = -x**2 - 6*x + 4. Let g be l(-6). Suppose -4*y = -3*m + 13 + 40, 5*m + g*y = 35. List the prime factors of m.
11
Let d = -22 - -65. Let f = d - 7. List the prime factors of f.
2, 3
Suppose -l = 4 - 175. What are the prime factors of l?
3, 19
Suppose 152 = 5*t - t. Let j = t + -21. What are the prime factors of j?
17
Suppose 188 + 76 = 4*m + 4*b, 5*m - 338 = 3*b. What are the prime factors of m?
67
Let f(c) = c**2 - c. Suppose -2*h - 3*h = 0. Let g be f(h). Suppose g = -2*i - 3*i + 65. List the prime factors of i.
13
Let b(x) = -x**2 - 2*x + 1. Let g be b(-4). Suppose 9 = -2*s + 3*s + 2*q, 5*q - 19 = s. Let h = s - g. List the prime factors of h.
2
Suppose 0 = 3*p + p. Suppose 5*m - 2*m - 153 = p. What are the prime factors of m?
3, 17
Let h = 7 + -4. Suppose -5*t + 40 = -4*